)?
1
What is the units digit of (-1428267)/(-30) - -11*10/1100?
9
Let g(z) = 3*z**2 + 10*z - 22. Let r be g(-6). Suppose -500 = -r*y + 22*y. Suppose y = 2*x - 349. What is the units digit of x?
7
Suppose -3*i + 161425 = -4*h, 4*h = -4*i - 1340 + 216620. What is the hundreds digit of i?
8
Suppose -2 = -5*i + 4*i. Let k = i - 2. Suppose 3*j = -3*s + 280 - 115, -4*j = k. What is the tens digit of s?
5
Suppose -4*n - 2 = 2*q, 1 = -n + 5*q + 6. Suppose n = 7*t + 29 + 83. Let y = 4 - t. What is the tens digit of y?
2
Suppose 382*v + 6640087 = 26682863. What is the ten thousands digit of v?
5
Let m(s) = -6*s**2 - 6*s + 18. Let k be m(5). Let a = k - -717. What is the tens digit of a?
5
Let v = 93 - 122. What is the tens digit of -2*(2 - 1)*v/2?
2
Suppose 3*r - 99 = 2*d, -4*d = -2*d - 2*r + 96. Suppose 61*o + 678 = -2006. Let u = o - d. What is the units digit of u?
1
Suppose -4*s + 391 = -5*i - 4904, 0 = -2*s. Let c = 1627 + i. What is the tens digit of c?
6
Let q(j) = 26*j + 37. Let v be q(-1). Suppose -371 = v*n - 10392. What is the tens digit of n?
1
Let v(o) = 20*o**2 - o - 655. What is the hundreds digit of v(-21)?
1
Let i = -103192 + 147743. What is the hundreds digit of i?
5
Suppose 6*m - 22 = 7*m + 4*j, 0 = 5*j + 25. What is the tens digit of m/((-12)/(-30)) - -355?
5
Suppose -4*g = -14 + 6. What is the tens digit of 0 + (-5)/g*(-67 + -51)?
9
Let b = 23 + -11. Suppose 162*h - 38*h - 83 = 165. What is the hundreds digit of 52/1*15*h/b?
1
What is the units digit of (1/3 + 3/45)/(112/554120)?
9
Let j be (-4)/(-10) + 96/10 + 0. What is the tens digit of (1238/j)/((-45)/(-225))?
1
Let o = 49120 + -28874. What is the ten thousands digit of o?
2
Suppose 46*u - 169546 = 107512. What is the thousands digit of u?
6
Let k be ((-14)/(-21))/(6/(-9)). Let w be 90/24*k/3*8. What is the hundreds digit of (395/w + -4)/(3/(-8))?
1
Let k(p) = 784*p - 1696. What is the hundreds digit of k(23)?
3
Let f(q) = -q**3 + 2*q**2 - q + 10. Let h be f(0). Let d be (h/4)/(20/48). What is the tens digit of (d/(-5))/(21/(-490))?
2
Let m be (-6)/(-2) + 23 - 3. Suppose -8 + m = 5*s. Suppose 0 = 2*n + s*d - 8*d - 74, 2*d - 172 = -4*n. What is the units digit of n?
2
Let h(t) = t**2 + t + 3. Let g be h(0). What is the tens digit of ((-2)/g + 12/72)*-650?
2
Let n = 9086 + -3781. What is the hundreds digit of n?
3
Let z(c) be the second derivative of c**4/4 - 5*c**3/3 + 9*c**2/2 - c. Let b be (-10)/2*(-18)/(-30) - -10. What is the units digit of z(b)?
6
Suppose -g + 19 = 4*x, -4*x + 1 = -3*x + g. Suppose -8*i = -x*i + 2. What is the tens digit of 30/(-10) + i + 137?
3
Suppose 0*o + 2*b = 5*o - 1756, -3*o = -4*b - 1062. Let i = 382 - o. What is the tens digit of i?
3
Let d(w) = -w**2 + 15*w - 26. Let g be d(13). Suppose 5*b - 74 = -4*u, -u - b + 2*b + 14 = g. What is the tens digit of u?
1
Suppose 118*d - 121*d - 12 = 0. What is the units digit of (-259)/(-3) - ((-84)/18 - d)?
7
Suppose 6*c = 3*c - 12. Let n(r) = r**3 + 3*r**2 - 6*r - 5. Let s be n(c). Suppose -s*f - 20 + 107 = 0. What is the units digit of f?
9
Let p = -181 - -178. What is the tens digit of 74 + (3 + p)/(-1) + 0?
7
Suppose -59*v + 71*v = 73296. What is the thousands digit of v?
6
Let o(q) = -179*q + 295. Let d be o(5). Let t = 1 - d. What is the tens digit of t?
0
Let z be (-2 - (-28)/(-49))/(9/(-42)). What is the tens digit of ((-6)/z)/(((-21)/(-1374))/(-7))?
2
Let y(s) = -17*s**2 + 11*s - 9. Let a be y(3). What is the units digit of (803/(-3))/(43/a)?
3
Suppose -10*r + 215 = -685. What is the units digit of (-1)/2 - (-40275)/r?
7
Suppose -188925 = -1482*u + 1449*u. What is the thousands digit of u?
5
Let r(c) = -169*c - 15. Let a be -4*((-1)/4 - -1). Let g be r(a). Suppose 3*z - 296 = 4*n - 3*n, 5*z = n + g. What is the tens digit of z?
9
Let f be (4 - 8) + 5 + (0 - -2). Let i(t) = -222*t + 3 - f + 219*t + 5. What is the tens digit of i(-11)?
3
Suppose 3*h - 3*z = h + 1935, -1930 = -2*h + 4*z. Let w = -6366 - -6555. Suppose 4*u + 3*l - w = 3*u, -5*u - 5*l = -h. What is the hundreds digit of u?
1
Suppose 32*i = 34*i - 30299 + 6325. What is the ten thousands digit of i?
1
Let s be -3 + ((-156)/18)/((-2)/129). Suppose 156 = 2*i - s. What is the hundreds digit of i?
3
Let z(g) = -g**3 - 12*g**2 + 12*g - 12. Let n be z(-13). Let d(u) = -133*u**3 - u**2 + u - 1. Let o be d(n). Let v = o + 229. What is the units digit of v?
5
Suppose 0 = 14*g - 1107 - 9323. Suppose 1952 = 3*l - g. What is the units digit of l?
9
Let o(u) = 94*u + 10. Let d(i) = 98*i + 8. Let s(v) = 4*d(v) - 3*o(v). Suppose 2*q + 1 = 3*q. What is the tens digit of s(q)?
1
What is the ten thousands digit of (29/(261/(-130050)))/(-1)?
1
Suppose -3 + 7 = f + n, 3*f - 14 = -n. Suppose -134 = f*a - 7*a. Let i = 24 + a. What is the units digit of i?
1
Let u(l) = 2*l + 8. Let v be u(-4). Suppose g - 4*g - 375 = v. Let s = 205 + g. What is the units digit of s?
0
Let a = -19319 - -30263. What is the tens digit of a?
4
Suppose -31 - 20 = -3*s. Suppose -2888 = -2*g - s*g. What is the tens digit of g?
5
Let n(c) = -4*c**3 + 172*c**2 - 20*c - 84. What is the ten thousands digit of n(41)?
1
Suppose 16*u - 12*u = 17508. Suppose 6*r + 1323 = u. What is the tens digit of r?
0
Let x = 411 - 986. Let v = 1364 + x. What is the tens digit of v?
8
Let j = 5802 - -19715. What is the hundreds digit of j?
5
Let k be (28/56)/(2/4)*-1213. Let f = k - -2414. What is the units digit of f?
1
Let g be 2/(-3)*39/(-2). Suppose w - 9 = -2*h, 5 + g = h - 4*w. What is the tens digit of 374/h + 28/(-21)?
6
Suppose -126 = -6*d + 13*d. Let y(x) = -33*x + 36. Let n be y(d). Suppose 2*a + n = 9*a. What is the units digit of a?
0
What is the tens digit of ((-1026)/8)/(-27)*360?
1
Let f be 2/3 + (-22)/33. Suppose 3 = -3*v - f*v + 4*c, 0 = -5*v - 3*c + 24. What is the units digit of v - 0 - (-360)/8?
8
Let m(f) = f**2 + 8*f + 7. Let a be m(-7). Suppose q - 1939 = -2*r, -3*r + a*q = q - 2906. What is the tens digit of r?
6
Let v(s) = -3*s**3 - 2*s**2 + 30*s + 37. Suppose 56 = -20*k + 13*k. What is the hundreds digit of v(k)?
2
Let l be 3*386/(-10) + (-6)/5. Let t be 942/(-15) + 2/(-10). Let c = t - l. What is the units digit of c?
4
Let p be ((-232)/(-12))/((132/54)/(-11)). What is the tens digit of (0 + p/(-6))*(48 - 46)?
2
Let i(q) = 2*q**2 - 12*q + 33. Let x be i(9). Let l = x + -83. Suppose 0 = -2*j + l*r + r + 307, -5*j + 4*r + 776 = 0. What is the hundreds digit of j?
1
Suppose l = -2*l + 5*x + 6, 2*x = -5*l - 21. Let s(d) = -15*d + 12. What is the units digit of s(l)?
7
Suppose 0*g - 2923 = -g + 13093. What is the tens digit of g?
1
Let u = -352 - -210. Let k = u - -150. What is the units digit of k?
8
Let g = 243 - 247. Let x(l) = 47*l**2 - 32*l - 3. What is the hundreds digit of x(g)?
8
Suppose -5*j - 427 = -3*p, -5*j + 4*p - 230 - 201 = 0. Let h = 398 + j. Suppose 5*r + h = 12*r. What is the units digit of r?
5
Let w = -6319 - -11405. What is the tens digit of w?
8
Suppose 206 = -b - 2*n, n + n - 784 = 4*b. Let l = 206 + b. What is the units digit of l?
8
Suppose 5*f = 4*p - 40, -4*f = 3*p - 2*f - 7. Let l = p - 3. Suppose g - l*g = -2*h - 58, 70 = g + 4*h. What is the units digit of g?
2
Let i = 232 + -163. Suppose 2*h - 155 = i. What is the tens digit of h?
1
Let s = -33 - -183. Let n be 10/(-30) + ((-380)/(-6))/(-2). Let u = s + n. What is the units digit of u?
8
Let r(d) = d**2 - 2*d + 3. Let f(g) = 2*g**2 - 2*g. Let a be f(1). Let l be r(a). Suppose l*j = 19 - 7. What is the units digit of j?
4
Let a(m) = -113*m + 13. Let o be a(-4). Let x be ((-4)/6)/((-5)/o). What is the tens digit of (25 + -21)*x/4?
6
Let n(m) = m**3 + 8*m**2. Let k be n(-8). Suppose -h - 264 = -3*p, k = -h + 6*h + 3*p + 1248. Let b = -149 - h. What is the tens digit of b?
0
Let c = -8 + 12. Let p = 22 + -13. Suppose q - 9 = c*q, 0 = y + 5*q + p. What is the units digit of y?
6
Let a(f) = 1167*f - 93. What is the tens digit of a(10)?
7
Let u(q) = 21*q**3 + 12*q**2 + 127*q + 6. What is the thousands digit of u(13)?
9
Let h(u) = -u**2 - 3*u + 12. Let z(v) = -3*v**2 - 9*v + 37. Let y(o) = 8*h(o) - 3*z(o). Let d be y(-6). What is the units digit of (d/(-6))/((-1)/180)?
0
Let s = 9154 + -5826. What is the thousands digit of s?
3
Let z = 2230 - 1965. What is the tens digit of z?
6
Suppose 6*y = 1177 + 2231. What 